?
4
Let a(j) = j**2 + j - 1. Let h be a(2). Suppose 0*w + w + 5 = h*s, -w + 5 = 5*s. Calculate the greatest common factor of 9 and s.
1
Let v(a) = -a**3 - 2*a**2 - 3*a - 2. Suppose 12 = -2*g + 5*g. Suppose -2 - 6 = g*o. Let s be v(o). Calculate the greatest common factor of s and 4.
4
Let c be (-2 + 6/8)*-12. Let v be (55/15)/((-1)/(-3)). Let a = c - v. What is the greatest common factor of 12 and a?
4
Let g = 379 + -354. Let d = -39 - -214. What is the highest common divisor of g and d?
25
Let w(i) = 6*i - 18. Let a be w(8). Calculate the highest common divisor of 240 and a.
30
Let z(m) = 2*m**2 + 3*m + 10. Let b(r) = -r**2 - r - 5. Let p(w) = 7*b(w) + 4*z(w). Let v be p(-5). Calculate the greatest common divisor of 10 and v.
5
Suppose -x + 2*y - 4 = 0, 6*y - 2 = 2*x + 4*y. What is the greatest common divisor of 8 and x?
2
Let u = 125 + -25. What is the highest common divisor of 50 and u?
50
Let b be 1326/30 + (-4)/(-5). What is the greatest common divisor of 18 and b?
9
Suppose -4*q + 11 + 9 = 0. Suppose 0 = 5*i - q*n - 100, -4*i + 84 = n - 6*n. Suppose 2 - 4 = -g. What is the highest common divisor of g and i?
2
Suppose -2*z + 19 + 31 = 0. What is the highest common divisor of 100 and z?
25
Let w = -12 - -26. Let u be (-84)/(-1*1/2). Suppose -5*d = -d - u. What is the highest common divisor of w and d?
14
Suppose -5*n + 14 + 11 = m, 2*m + 5*n - 45 = 0. Calculate the highest common factor of 8 and m.
4
Suppose 259 + 101 = 3*l. What is the greatest common divisor of 24 and l?
24
Suppose -5*m = 2 + 8. Let k be -2 - 8/m - -1. What is the greatest common factor of 3 and k?
3
Let r be (-16)/(-1)*11/22. What is the greatest common factor of r and 1?
1
Let r be 3/9*(-3)/(-1). Let w(i) = r + 3*i + 1 + 0 + 15*i**2. Let c be w(-3). Calculate the greatest common divisor of 16 and c.
16
Suppose -3*m + 210 = 2*h, -2*h + 4*m + 241 = 59. Suppose 0 = c - 2 - 24. Suppose 4*n = n + o + c, -14 = -n - 5*o. What is the highest common divisor of n and h?
9
Let g = -23 + 67. Let q be -3 + (-4 - -11 - -3). Suppose 0 = -6*c + q*c - 11. Calculate the greatest common divisor of g and c.
11
Suppose -3 = 3*q - 12. Calculate the highest common divisor of 2 and q.
1
Suppose 2*y + 3*z + 2 = 5*z, 3*z - 3 = 0. Suppose -m + 0*m = y. Let u be (m - -7)*36/21. Calculate the highest common factor of u and 3.
3
Let u(q) = q**2 - 2. Let m be u(0). Let f be ((-42)/(-4))/(m/(-20)). What is the highest common divisor of f and 21?
21
Let y be (0 + 1/1)*7. Suppose 5*a - 108 = 242. What is the highest common factor of a and y?
7
Suppose 8 - 4 = 2*u. Suppose 0 = -u*z - 2. Let d(t) = -24*t + 1. Let h be d(z). Calculate the highest common divisor of 5 and h.
5
Suppose 0*h + 297 = 4*t + h, 228 = 3*t - h. Suppose 0 = 5*i - 5*l - 0*l - 130, l = 4*i - 116. What is the greatest common divisor of i and t?
15
Let x(b) be the first derivative of b**4/4 - 11*b**3/3 + 5*b**2 + 11*b - 3. Let l be x(10). Calculate the highest common factor of 11 and l.
11
Let t(i) = 2*i - 7. Suppose 47 = 4*s + 19. Let l be t(s). Let p(u) = 3*u + 8. Let g be p(2). Calculate the highest common factor of l and g.
7
Let r be (3/4)/(5/20). Let z be r - (3 + -2)/(-1). Suppose 0 = -z*g - 9 + 45. Calculate the highest common factor of g and 9.
9
Let o(m) be the second derivative of m**5/20 + m**4/12 - m**3/6 + 5*m**2 - m. Let p be o(0). Let c = -36 + 61. What is the greatest common divisor of c and p?
5
Let a(b) be the first derivative of 5*b**4/4 + b**2/2 - b - 1. Let c be a(1). Calculate the greatest common divisor of 25 and c.
5
Let j = 177 + -144. What is the greatest common factor of j and 264?
33
Let m(l) = -6*l**2 + 2 - l + 10*l**2 + 0*l**2. Let b be m(-2). What is the greatest common factor of b and 50?
10
Suppose 50 = 4*p - g, 0 = -2*p - g - 4*g + 14. Let u(b) = -b - 8. Let q be u(-6). Let d be 337/4 + q/8. Calculate the highest common divisor of p and d.
12
Let c = 73 - 25. Let t be -1 - -2*(0 + 1). Let h be t + (-1 - -15 - -1). Calculate the highest common divisor of c and h.
16
Suppose 0 = -5*i - 5*g - 124 + 909, -163 = -i - 3*g. What is the greatest common factor of i and 14?
14
Let l be (-14)/(-4)*(-60)/(-105). What is the greatest common factor of 14 and l?
2
Suppose 35 = -2*l + 123. Calculate the greatest common factor of l and 11.
11
Let d(c) = -c**2 + 14*c + 9. Let o be d(10). Suppose -3*a + 155 = s, a + s = 2*a - o. Calculate the highest common factor of 17 and a.
17
Suppose 14 = -3*s + 65. Let m = 25 - s. Calculate the greatest common divisor of m and 16.
8
Let v = 79 - -5. What is the highest common factor of v and 6?
6
Let s = 21 + -12. Let o be 1/(-4) + s/(-12). Let k(a) = -8*a. Let i be k(o). Calculate the highest common divisor of i and 16.
8
Suppose g + 3 = 3*v, -2*g = 4*v + g - 17. Suppose -4 - 36 = -v*k. What is the highest common factor of 100 and k?
20
Let y(w) = w**3 + 10*w**2 - 2. Let r be y(-10). Let x(i) = -8*i. Let s be x(r). What is the highest common factor of 40 and s?
8
Let u be (-3 + 4)*0 - -27 - 3. Let h(v) = -55*v - 4. Let q be h(-4). What is the highest common factor of q and u?
24
Suppose -4*s = -2*v - 10, -6 = -0*v + 2*v. Calculate the highest common factor of 7 and s.
1
Suppose p - 5*t - 20 = 25, -2*t = 5*p - 252. Let z = 97 - 47. Let a be (z + 0)*(-10)/(-25). What is the greatest common divisor of p and a?
10
Let i be (2/(-3))/(6/(-99)). Let f(o) = o + 5. Let d be f(-4). Let g be (-2 + d)*-1 - -98. Calculate the greatest common factor of g and i.
11
Suppose -4*h - t + 226 = 0, 0 = -3*h - 2*t + 149 + 23. What is the greatest common factor of 8 and h?
8
Let r(v) = v**3 + 13*v**2 + 9*v + 4. Suppose -l = -0 + 12. Let t be r(l). Calculate the highest common factor of 60 and t.
20
Suppose -13 - 35 = -2*n + 2*g, 54 = 2*n - 5*g. What is the highest common factor of 55 and n?
11
Suppose 575 = -2*n + 7*n. Calculate the highest common factor of 23 and n.
23
Let o = 14 + -8. Suppose l + o = 3*l. Let f be -2*((-6)/l - 5). Calculate the highest common divisor of f and 84.
14
Let o be 1 + 4 + 3 + 0. Let l = -4 - -4. Suppose -5*c + c + 116 = 4*a, -c - 3*a + 39 = l. Calculate the greatest common factor of c and o.
8
Let t be (-9)/(-15) + 52/5. What is the greatest common factor of t and 1?
1
Suppose -5*x + 495 = 5*u, 4*u - u + 99 = x. Let r(l) = l**2 - 8*l + 9. Let n be r(8). What is the greatest common divisor of x and n?
9
Let l(b) = -2*b**3 - 4*b**2 - 2*b - 2. Let s be l(-4). What is the greatest common divisor of 175 and s?
35
Let m = 12 - 11. Let q be 1/m - (-63 + 0). Let h be 7 - (-2 - (1 - 2)). Calculate the highest common divisor of h and q.
8
Let a = 18 + 35. Calculate the greatest common factor of a and 371.
53
Let n = -43 + 74. What is the highest common divisor of n and 31?
31
Let a = -15 + 16. What is the greatest common factor of 7 and a?
1
Let u = -35 - -74. What is the greatest common factor of 13 and u?
13
Let h = 9 + -4. Suppose 5*n - 3*k - 75 = 0, h*k - 115 = -2*n - 3*n. What is the greatest common factor of n and 72?
18
Let a = 13 + 3. Suppose 0 = -0*p - 2*p - a. Let g(i) = -i**2 - 11*i - 12. Let k be g(p). What is the greatest common factor of k and 12?
12
Suppose 3*y - 8 = y. Let n = 10 + 2. What is the highest common divisor of y and n?
4
Let y = 5 + -2. Suppose -y*v = -2*v - 21. Calculate the highest common divisor of 21 and v.
21
Suppose -5*x + 83 - 13 = 0. Suppose -3*d = 18 - 87. Suppose -j - 2 = -d. Calculate the greatest common factor of j and x.
7
Let u(i) = -3*i + 21. Let h be u(-10). Calculate the highest common factor of h and 17.
17
Let m be -3 - 0 - 0 - -15. What is the greatest common factor of m and 8?
4
Suppose -2*s + 0*c + 5*c = -87, 5*s - 5*c = 240. What is the highest common factor of 102 and s?
51
Let k = 17 + -12. Suppose k*h = 4*c + 42, 4*h + 0*h - 4*c = 36. Let f = h - -13. What is the highest common factor of f and 57?
19
Let a = -27 + 31. Let l be (-2 + (-10)/(-4))*2. What is the greatest common divisor of a and l?
1
Suppose 3*f - 20 - 34 = 4*n, -2*f + 3*n + 36 = 0. Calculate the greatest common divisor of 162 and f.
18
Let z be (-31)/(-5) + (-2)/10. Let c(w) = 4*w**2 - 3*w + 3. Let y be c(3). Suppose -y = -5*f - 0*f. Calculate the highest common factor of z and f.
6
Let p = -32 - -129. Let n = p + -52. What is the greatest common factor of 9 and 